t g be (-3 - -4)/(o/4). Let h = 10 - g. What is the units digit of h?
8
Let a(b) = 414*b + 6. Let i be a(-3). What is the units digit of ((-2)/(-3))/((-7424)/i + -6)?
3
Let q(u) = 6*u**2 + 10*u + 3. Let n be q(-8). Let r = n + -213. What is the tens digit of r?
9
Let l = 29 - 23. Suppose -14 = -2*f + 20. Let g = f + l. What is the units digit of g?
3
Suppose -13*p + d - 1739 = -16*p, -8 = 2*d. What is the units digit of p?
1
Let z(c) = -53*c - 7. Let b be z(-5). Suppose 0*w + 3*w - b = 0. Suppose y - 5*y = 2*m - w, 3*y = m + 77. What is the units digit of y?
4
Let a = 896 - 81. What is the units digit of a?
5
Suppose -499 = 6*m - 3391. What is the units digit of m?
2
Let a(c) = c**3 + 17*c**2 + 12*c - 26. Let g be a(-11). Suppose 5*p = 9*p - g. What is the hundreds digit of p?
1
Let v be (-10)/65 - (-84)/39. Suppose 42 = -2*q + 3*i + 160, -4*i = -v*q + 122. What is the tens digit of q?
5
Suppose -58 = -q + 8. Let v = -61 + q. What is the units digit of v?
5
Suppose -i = 10*i - 22. Suppose i*j - 13 = 2*q - 51, -5*q + 75 = 5*j. What is the tens digit of q?
1
Let i = 54 + -24. Suppose -m + i = -p, -p = m + 2*p - 34. Suppose -w + 2*o = -m, w - 2*w + 35 = -3*o. What is the tens digit of w?
2
Let s(l) be the third derivative of 7*l**5/15 - 13*l**4/12 + l**3 - 44*l**2 + 2*l. What is the units digit of s(4)?
0
Let i = 481 + 1368. What is the units digit of i?
9
Let a(p) = p**3 - 6*p**2 - 5*p - 22. Let f be a(9). Suppose 10*s = 414 + f. What is the tens digit of s?
5
Suppose 5*t = 5*l + 1995, 5*l + 154 = 4*t - 1447. What is the tens digit of t?
9
Suppose 3*l + b = 1976, 2*l + 2641 = 6*l - 5*b. What is the hundreds digit of l?
6
Let f be (1 + -3)/((-16)/(-152)). Let n = 32 + f. What is the tens digit of n?
1
Suppose 4*k - 3*d = -19, k + d = 3*d - 6. Suppose -5*z = -10*z + 20. What is the units digit of 2/1 - (k - z)?
0
Let b(m) = -m + 1. Let h be b(5). Let s(a) = 3*a**2 + 32*a + 4. Let r(d) = -d**2 - 11*d - 1. Let y(z) = h*s(z) - 11*r(z). What is the units digit of y(-6)?
1
Let r = 86 - 22. Suppose -4*k + 5*o = -5*k + r, -5*k + 5*o = -380. Suppose f + f = k. What is the units digit of f?
7
Suppose 0 = 19*m - 2880 - 1870. What is the units digit of m?
0
Suppose 5*n + 9 = -w, 2*w - 16 = -4*n + 7*w. Let i(o) be the third derivative of -21*o**6/40 - o**5/60 + 4*o**2. What is the tens digit of i(n)?
6
Let q(i) be the third derivative of 0 - 1/6*i**3 + 5*i**2 + 1/3*i**6 + 1/8*i**4 + 0*i - 1/60*i**5. What is the units digit of q(1)?
1
Suppose 5*v - 532 = -2*v. What is the units digit of v?
6
Suppose i + 6 = 4*i. Suppose 0 = -3*o + 3, 493 - 36 = -5*u + i*o. What is the tens digit of 536/14 - (-26)/u?
3
Let j(d) = d**3 + 6*d**2 - d - 5. Let k be j(-5). What is the tens digit of 192 - (18/(-42) - k/7)?
9
Suppose 0 = 16*o + 17*o - 37983. What is the tens digit of o?
5
Let f = 1976 - 1385. What is the tens digit of f?
9
Let o(p) be the first derivative of p**4/4 + 6*p**3 - 23*p**2/2 - 20*p - 36. What is the units digit of o(-19)?
6
Let w(u) = -4*u + 4. Let a be w(0). Suppose -2*y = 4*x - 32, 4*x + a*y - 23 = 13. What is the units digit of x?
7
Let i(q) = -q - 39. Let x be i(0). Let l(n) = -17*n**2 + 2. Let z be l(-1). Let s = z - x. What is the units digit of s?
4
Let r(q) = 5*q**2 + 28*q - 283. What is the tens digit of r(12)?
7
Suppose -5*s - 4*y = -371, 5*y + 41 = -2*s + 186. Let g = -32 + s. Suppose -g = -5*b + 32. What is the tens digit of b?
1
What is the hundreds digit of ((-7)/15 - (-20)/(-100))*-687?
4
Suppose -8*i + 10*i = 0. Let g be 2 - i - 3 - 3. Let k(x) = x**2 + 3*x + 7. What is the units digit of k(g)?
1
Let y = 165 + 146. Suppose 0 = 3*a - 2 + y. What is the tens digit of a/(-7) + 30/105?
1
Let z = 9 + -18. Let r(u) = u**2 + 7*u - 16. Let s be r(z). Let j(v) = 17*v**2 - v - 4. What is the tens digit of j(s)?
6
Suppose -99*p + 85*p + 52080 = 0. What is the thousands digit of p?
3
Suppose 2*d + 5*c - 13 = -4, -c = 3*d - 33. Suppose 0 = -2*x + 2*v + 5 + 7, -3*x = -4*v - 22. What is the units digit of d/8*16/x?
2
Let q(c) = 30*c + 149. What is the units digit of q(3)?
9
Let q be 10/6*5*18. Let o = q + -76. What is the tens digit of o?
7
Suppose 5*i + 5 = 0, 4*p + 8*i = 6*i + 446. What is the tens digit of p?
1
Let g(t) = 52*t + 579. What is the units digit of g(8)?
5
Let w(p) = 10*p**3 + 5*p**2 + p + 4. Let t be w(4). Suppose y + 3*m - 179 = 5*m, -2*m - t = -4*y. Suppose -6*f - 27 + y = 0. What is the tens digit of f?
2
Suppose 389 = 4*h + 1505. Let j = 522 + h. What is the hundreds digit of j?
2
Let x(f) = -3*f + 8. Let q(i) = -10 + 8*i + 6 - 20. Let d(g) = 5*q(g) + 14*x(g). What is the units digit of d(-11)?
4
Suppose -7*p + 3445 = 6*p. What is the units digit of -2 + (p + -9 - (-3)/(-1))?
1
Let l be (-3 + 2)/(4/(-404)). Let u = 226 - l. What is the units digit of u?
5
Suppose -4*x - 4 = 3*m, -3*x - 3 = 3*m - 0*m. Suppose h + m*h - 47 = 0. What is the tens digit of h?
4
Let r = -159 - -338. Suppose -r = -3*f + g, -2*f = 3*f + 2*g - 302. What is the units digit of f?
0
Suppose c + 16 = 5*c. Suppose -n + 8 = 2*o, 8 = -o + 3*o - 5*n. Suppose o*j = -8, 0 = d - c*j - 24 + 3. What is the tens digit of d?
1
Let k be (3 - 4)*1*-3. What is the tens digit of 32 + -5*k/(-15)?
3
Let q = -1053 - -1645. Suppose 0 = u - 9*u + q. What is the tens digit of u?
7
Suppose 2*m = -2*m + 5*u + 57, 4*m + 4*u = 12. Let l(f) = f**3 - 8*f**2 + 11*f - 15. What is the units digit of l(m)?
3
What is the tens digit of (65/2)/((-21)/(-1134))?
5
Let k be 6*6/4 - (0 - -4). Suppose -300 - 195 = -k*m. What is the units digit of m?
9
Let x(y) = y**3 - 4*y**2 + y - 7. Let w(j) = -j**3 + 11*j**2 - 10*j + 5. Suppose p = -4*p + 50. Let s be w(p). What is the tens digit of x(s)?
2
Let r(b) = -b**2 - 9*b - 12. Let s be r(-6). Let f(i) = 2*i**2 + 3*i - 51. What is the tens digit of f(s)?
3
Let c = 6413 + -3353. What is the tens digit of c?
6
Let x = -108 - -76. Let m be 1 - (3 + -2) - -53. Let c = m + x. What is the tens digit of c?
2
Let b = 81 + -77. Suppose 5*k - b*k = 57. What is the units digit of k?
7
Suppose -4*q + 4*i - 1 + 37 = 0, 4*q = 3*i + 37. What is the tens digit of 381/(4 + (-25)/q)?
5
Suppose 50 = -2*c - 2*o, 0 = -3*c - 2*o + 4*o - 60. Suppose -9*g = -6*g + 90. Let x = c - g. What is the units digit of x?
8
Suppose 883 = 3*h + 316. Let c = h + -122. What is the units digit of c?
7
Let o(p) = -7*p + 48. Let y be o(15). Let u = -25 - y. What is the units digit of u?
2
Let s(w) = -w**3 + 4*w**2 + 2*w + 4. Suppose 4*u = 2*a + 4, a + 2*u - 4 = 6. What is the units digit of s(a)?
2
Let b = 86 + -10. What is the tens digit of b - 9/6*(-8)/3?
8
Suppose -d + 1 = -3*g, -4*g = -2*g - 5*d + 5. Suppose 3 = -k - g. What is the tens digit of 2/(235/(-80) - k)?
3
Suppose 4*d - o = -2*o + 3, -4*d + 6 = 2*o. Suppose 10*u = u + 45. Suppose u*v + d = 5. What is the units digit of v?
1
Suppose -s - 4*s = -1530. Suppose 5*y - 3*y - 2 = 2*z, y = -5*z + 1. Suppose 4*r - s + 70 = z. What is the tens digit of r?
5
Let r(x) = x. Let l(k) = -11*k. Let v(w) = -3*l(w) - 21*r(w). What is the tens digit of v(1)?
1
Suppose -p - 3*s + 103 = 30, -248 = -4*p - s. Suppose p = 4*i - 183. What is the tens digit of i?
6
Let n(z) = z**3 + 7*z**2 - 12*z - 5. Let x = -30 + 22. Let f be n(x). Suppose 3*b + 0 = f. What is the units digit of b?
9
Let j = -107 + 64. Let v = j - -64. What is the units digit of v?
1
Let f(a) = -4*a**2 - 4*a**2 + 2*a**2 + 3*a**2 - 3 - 6*a. Let j be f(-6). Let k = j - -120. What is the units digit of k?
5
Let j(u) = u**2 + 2*u + 8. Let o be j(-8). Suppose 3*v - 2*v = o. What is the units digit of v?
6
Let s = -133 - -134. What is the hundreds digit of (-294)/(-2) + 1/(s/2)?
1
Suppose 5*p - 247 = -4*z, 3*z + 3*p = p + 180. What is the units digit of z?
8
Let b(n) = 3*n**2 - 8*n + 3. Let g(s) = 4*s**2 - 7*s + 4. Suppose 0 = 3*y + u + 15, 0*u = 2*u + 6. Let p(i) = y*g(i) + 5*b(i). What is the tens digit of p(-10)?
1
Let l = 48 - 83. Let i = 86 + l. What is the tens digit of i?
5
Suppose 111*j - 4680 = 101*j. What is the hundreds digit of j?
4
Suppose -w - 13 - 14 = 0. Let i = w - -47. What is the units digit of i?
0
Let t = -23 + 26. Let a be t/5 + (-219)/15. Let g = a + 36. What is the units digit of g?
2
Suppose 6*m - 9 - 9 = 0. Let d be -14*(-4)/24*m. Suppose -4*u - 4 = 3*n + 1, -2*u - d 